994 a multiple of 523?
True
Is 4163706 a multiple of 108?
False
Is 2103288 a multiple of 7?
False
Does 16 divide 116644816?
True
Does 12 divide 34826476?
False
Is 27 a factor of 113477267?
False
Is 46 a factor of 184347944?
True
Does 4149 divide 3626130573?
True
Is 35 a factor of 113374695?
True
Is 37602607 a multiple of 6?
False
Is 49 a factor of 1962782006?
False
Does 29 divide 301823938?
True
Does 1293 divide 28046389?
False
Does 7 divide 1355069779?
True
Is 814925802 a multiple of 4647?
True
Is 202196148 a multiple of 2156?
True
Is 66 a factor of 826178865?
False
Is 1421940 a multiple of 4?
True
Does 30 divide 9617508?
False
Is 133436784 a multiple of 6088?
True
Is 763837157 a multiple of 15?
False
Is 629669460 a multiple of 348?
True
Does 8 divide 4184658960?
True
Does 1340 divide 208974340?
True
Does 59 divide 426140773?
False
Is 1070 a factor of 19353585?
False
Does 16 divide 75832357?
False
Is 27840594 a multiple of 7?
False
Is 51183807 a multiple of 6409?
False
Does 279 divide 49190211?
True
Is 803 a factor of 179153611?
False
Does 259 divide 232202657?
False
Is 67336726 a multiple of 3145?
False
Is 50384880 a multiple of 80?
True
Does 664 divide 123449592?
False
Does 1693 divide 843798179?
False
Is 187 a factor of 919206541?
True
Is 57955290 a multiple of 30?
True
Does 649 divide 12200840?
False
Is 314467590 a multiple of 658?
False
Does 4576 divide 293902752?
True
Is 14004158 even?
True
Is 111419149 a multiple of 235?
False
Does 146 divide 470028026?
False
Does 3307 divide 1555381310?
True
Is 3554853714 a multiple of 17?
True
Is 2 a factor of 38349249?
False
Does 120 divide 9922680?
True
Is 328793256 a multiple of 1188?
True
Is 14 a factor of 46585126?
True
Is 39579138 a multiple of 16?
False
Is 2626 a factor of 3053935586?
True
Is 471 a factor of 121520826?
True
Is 2280 a factor of 143117553?
False
Is 2293412659 a multiple of 7143?
False
Is 141 a factor of 13936117?
False
Does 50 divide 476919650?
True
Does 6 divide 72661452?
True
Is 16 a factor of 47179595?
False
Is 4963891160 a multiple of 6520?
True
Is 7565 a factor of 5961565795?
False
Is 50 a factor of 195526647?
False
Is 2788 a factor of 375726889?
False
Is 13 a factor of 720419759?
False
Is 23250634 a multiple of 33?
False
Is 25970472 a multiple of 66?
True
Does 13 divide 22745399?
False
Does 1741 divide 189638425?
True
Is 1219386246 a multiple of 1365?
False
Is 8600175 a multiple of 155?
True
Is 457146412 a multiple of 1840?
False
Is 10681623 a multiple of 116?
False
Is 55541999 a multiple of 74?
False
Is 517872127 a multiple of 3772?
False
Does 369 divide 3482168853?
False
Is 12 a factor of 42553065?
False
Is 2148 a factor of 21599097?
False
Does 1154 divide 731677153?
False
Is 90 a factor of 3640103910?
True
Is 1070 a factor of 1878093960?
True
Is 83572191 a multiple of 3?
True
Does 1361 divide 12038045?
True
Does 39 divide 8875325?
False
Is 49052158 a multiple of 11?
False
Is 340 a factor of 695962252?
False
Is 14634626 a multiple of 1251?
False
Is 4473849 a multiple of 51?
False
Is 2032 a factor of 618240064?
True
Is 88 a factor of 175493046?
False
Is 6013 a factor of 59534713?
True
Is 336589888 a multiple of 41?
False
Is 153985481 a multiple of 28?
False
Does 92 divide 2896865941?
False
Does 1348 divide 5248257?
False
Is 355369482 a multiple of 591?
True
Is 7086 a factor of 1018544330?
False
Is 156 a factor of 4668360684?
True
Does 107 divide 4332163463?
True
Is 988 a factor of 42928153?
False
Does 222 divide 581447615?
False
Does 261 divide 137842452?
True
Does 17 divide 665256036?
True
Is 10072 a factor of 2012838840?
True
Is 1791 a factor of 820919696?
False
Is 1427 a factor of 1849264997?
True
Is 1109059615 a multiple of 140?
False
Is 115 a factor of 18502690?
False
Is 10742920 a multiple of 15?
False
Is 62 a factor of 54482376?
True
Does 230 divide 2767048?
False
Does 49 divide 47770639?
True
Is 33 a factor of 13409847?
True
Is 1328 a factor of 22627480?
False
Is 139425293 a multiple of 40?
False
Does 22 divide 250546124?
False
Does 1825 divide 220745975?
False
Is 1791 a factor of 55107729?
False
Does 7904 divide 2787701280?
True
Is 17 a factor of 50211779?
False
Is 1131 a factor of 18877643?
False
Is 973 a factor of 18335212?
True
Is 51097797 a multiple of 261?
True
Is 46673244 a multiple of 12?
True
Is 458 a factor of 35126768?
True
Does 117 divide 29901523?
False
Is 769616951 a multiple of 6?
False
Is 300812572 a multiple of 82?
True
Is 345 a factor of 20952066?
False
Is 1016676402 a multiple of 21?
True
Does 183 divide 34307742?
True
Is 43908544 a multiple of 3189?
False
Is 1350271 a multiple of 52?
False
Does 35 divide 5396377210?
True
Does 2097 divide 28741781?
False
Is 18 a factor of 399288902?
False
Is 26743006 a multiple of 2567?
True
Does 136 divide 592677392?
True
Is 3158 a factor of 3894346796?
False
Is 1133195566 a multiple of 404?
False
Is 354 a factor of 99147258?
True
Is 2 a factor of 12197158?
True
Does 558 divide 32239753?
False
Is 211 a factor of 219808901?
False
Is 450 a factor of 97454583?
False
Is 129 a factor of 37087758?
True
Is 201 a factor of 19756604?
False
Does 16 divide 67123687?
False
Is 241079790 a multiple of 71?
True
Does 3327 divide 2690453612?
False
Is 1104 a factor of 9847680?
True
Does 521 divide 46297102?
True
Is 638 a factor of 207962530?
False
Does 9860 divide 4211916033?
False
Does 87 divide 69703530?
True
Is 19 a factor of 2263129861?
False
Is 9610524 a multiple of 11?
True
Is 2000382 a multiple of 28?
False
Is 16 a factor of 737935952?
True
Is 13 a factor of 86343956?
False
Is 3 a factor of 689924?
False
Is 159 a factor of 109434930?
True
Is 51 a factor of 44341797?
True
Is 109 a factor of 941253150?
True
Is 591 a factor of 176975809?
False
Is 19 a factor of 256440324?
False
Is 1444843517 a multiple of 119?
False
Does 219 divide 71518611?
True
Is 6 a factor of 161453653?
False
Is 77221986 a multiple of 219?
False
Is 749544 a multiple of 2?
True
Is 53 a factor of 348516234?
True
Does 67 divide 206712688?
True
Does 5238 divide 339034788?
True
Does 100 divide 12811000?
True
Is 23391142 a multiple of 25?
False
Is 29 a factor of 56663564?
True
Is 14373643 a multiple of 62?
False
Does 1627 divide 38099459?
True
Does 3630 divide 500026929?
False
Is 20 a factor of 449337746?
False
Is 68 a factor of 603701960?
True
Is 94893432 a multiple of 172?
True
Is 34577943 a multiple of 2063?
True
Is 388819561 a multiple of 1518?
False
Is 1498 a factor of 321794368?
True
Does 2641 divide 225324838?
True
Is 6 a factor of 84309750?
True
Is 23 a factor of 35573740?
False
Is 57638770 a multiple of 1637?
True
Is 507032 a multiple of 4?
True
Is 4 a factor of 773413?
False
Is 206974884 a multiple of 588?
False
Is 9953432 a multiple of 1596?
False
Is 15 a factor of 208961745?
True
Does 4 divide 579763208?
True
Is 9 a factor of 144417470?
False
Is 1966 a factor of 26717940?
True
Is 11 a factor of 1122828523?
False
Does 2783 divide 605917997?
False
Is 112 a factor of 385020518?
False
Is 21637704 a multiple of 44?
True
Is 16 a factor of 105819840?
True
Does 53 divide 198244857?
True
Is 3433 a factor of 126550679?
True
Is 55 a factor of 13512015?
True
Is 39 a factor of 30144894?
True
Does 2 divide 385996?
True
Is 16963961 a multiple of 1069?
True
Is 66 a factor of 81169232?
False
Is 39 a factor of 711141582?
False
Is 3561768 a multiple of 56?
True
Is 1501 a factor of 63162080?
True
Is 400225615 a multiple of 295?
True
Is 1196502545 a multiple of 701?
False
Is 4541610 a multiple of 705?
True
Is 4049541986 a multiple of 3905?
False
Does 44 divide 44455714?
False
Is 34756943 a multiple of 398?
False
Does 1782 divide 34112826?
True
Is 18526524 a multiple of 101?
False
Is 158 a factor of 82777622?
True
Is 14 a factor of 1091353332?
False
Is 4761651174 a multiple of 21?
True
Is 855 a factor of 799633620?
True
Does 26 divide 29504592?
True
Is 191 a factor of 38774146?
True
Is 18798664 a multiple of 148?
True
Is 428133738 a multiple of 15?
False
Does 3 divide 158295511?
False
Is 14 a factor of 984085438?
True
Is 3802 a factor of 615266254?
True
Does 31 divide 6534242?
True
Does 439 divide 114921168?
False
Is 2018833600 a multiple of 266?
True
Does 21 divide 5568591?
True
Is 767 a factor of 15483429?
True
Is 62679191 even?
False
Is 4247 a factor of 1342052?